s t(14)?
14
Let i be (1 - (-21)/(-14))*0. Let a(f) = f + 18. Calculate a(i).
18
Let u(t) = -t**3 - 5*t**2 + 16*t + 22. Let p be u(-7). Let h(g) = -g**3 + 10*g**2 - 17*g + 7. Give h(p).
-1
Let a(u) be the second derivative of u**5/20 + u**4/6 - u**3/3 + 3*u**2/2 - u. Suppose 0 = -3*m - 0 + 3. Let v be ((2/(-4))/((-3)/(-18)))/m. Give a(v).
0
Suppose 230 - 338 = -27*r. Let c(w) be the first derivative of 1/4*w**4 - r*w**2 + 4*w - 7/3*w**3 + 7. Determine c(8).
4
Suppose -2*y + 252 = 264. Let r(n) = n + 15. Calculate r(y).
9
Suppose 5*g - g - 16 = 0. Suppose 5*l + 4 - 9 = 4*y, -20 = -g*l. Let o(i) = i + 2*i**3 - i**3 + 3*i + y*i**2 + 3 + 2*i. What is o(-4)?
-5
Let h(a) = -10*a + 80. Let x(j) = -5*j + 43. Let y(s) = -4*h(s) + 7*x(s). What is y(8)?
21
Suppose -16*s - 534 + 614 = 0. Let j(c) = c + 2. Give j(s).
7
Suppose 0 = k - 2*k. Let m(r) be the first derivative of r**3/3 + 5*r + 170. Calculate m(k).
5
Suppose -9 = 10*t - 13*t. Suppose -p - t*f - 9 = 0, -3*p - 2*p + 5*f = -35. Let d(q) = p + 3 + 3*q + 7 - 8. What is d(-5)?
-10
Let o(y) = -8*y - 6. Let s(f) = -7*f - 5. Suppose -q + 10 = 6. Let x(u) = q*o(u) - 5*s(u). Determine x(2).
7
Let i = 5/99 - -23/198. Let d(n) be the third derivative of 0*n**4 - i*n**3 + 0 - 3*n**2 + 0*n + 1/120*n**6 - 1/10*n**5. Calculate d(6).
-1
Let t(f) be the second derivative of -7*f**3/3 + 2*f. Let c be ((-4)/3)/((-16)/12). What is t(c)?
-14
Let d(z) = -2*z + 2. Let w(u) = 7*u - 2. Let t(k) = 2*d(k) + w(k). Let b be (-4)/(3/(27/6)). Give t(b).
-16
Let c(j) be the first derivative of j**2/2 - j - 5033. Let t be -1 + -1 + 2/(-2). What is c(t)?
-4
Let b(a) = -7 - 3*a**2 + a + 5 + a**3 - a + 3*a. Suppose -10 = -2*k - 2*y, -y - 4 = -4*k + 3*y. Let u be b(k). Let n(r) = r**3 - 8*r**2 + 8*r - 9. What is n(u)?
-2
Let c(o) = 15*o - 17*o - 14 + 15*o**3 - 16*o**3 - 10*o**2. Determine c(-10).
6
Suppose 2*p - 2*x - 2*x = 26, 3*p = 4*x + 31. Suppose -4*u - 2*q + 20 = -0*q, 24 = p*u + 2*q. Let k(m) = -5*m + u*m**2 + 0*m**2 + 0*m**2 + 7*m. Give k(-2).
12
Let n = 237 + -247. Let q(y) = 2*y**3 - 2*y - 11*y**2 + 1 - 3*y**3 - 2*y - 6*y. Determine q(n).
1
Let g(h) = -2*h**2 + 2*h + 12. Let j(l) = -16*l - 268. Let a be j(-17). What is g(a)?
-12
Let j(n) be the third derivative of -n**6/120 - 4*n**5/15 + 17*n**4/24 - 5*n**3/6 + 272*n**2. Determine j(-17).
-5
Let k(y) = -y**2 - 3*y + 2. Let i be k(-4). Let z(v) = -2*v**2 - 8*v - 5. Let t(c) = -c**2 - 6*c - 4. Let a(f) = -3*t(f) + 2*z(f). Calculate a(i).
-6
Let z(a) = 5*a - 1. Let h(r) be the third derivative of 11*r**4/24 - r**3/2 + 2*r**2. Let f(k) = -6*h(k) + 13*z(k). Calculate f(0).
5
Let v(m) = 3*m + 5*m - 5*m + 36 - 104. What is v(20)?
-8
Suppose -5*v - 12 = -2*v. Let j(s) = -37 + 36 - 18*s**2 + 9*s**2 + 3*s + 10*s**2. Determine j(v).
3
Let l(i) = -i**3 - 3*i**2 - 4*i - 7. Let v = -1137 - -1134. Give l(v).
5
Let d(b) = -b**2 + 4*b + 1. Suppose -1448*x + 1450*x - 14 = 0. Give d(x).
-20
Let u(s) = 2*s**2 - 12*s + 9. Let j be u(4). Let r(a) = a**2 + a - 1. Determine r(j).
41
Let o(u) = u - 9. Let f = 1332 + -1343. Give o(f).
-20
Let o(z) = -3*z**3 - 2*z**2 - 3*z - 2. Let f be o(-1). Let c(d) = -8*d + 2. Let r(i) = -3*i + 1. Let q(b) = -2*c(b) + 5*r(b). Determine q(f).
3
Let g(m) = -m - 5. Let h = 7 - 3. Suppose 0 = -5*a + 6*a + h. Calculate g(a).
-1
Suppose -3*b - 12 = 15. Let g = -6 - b. Let y(i) = 3 + 0*i - i**g - i**2 + i + 4*i. Determine y(-3).
6
Suppose -5*z + 54 = -91. Let w be z/(-9) + 4/18. Let t(n) be the third derivative of -n**6/120 - n**5/12 - n**4/6 + n**3/6 + 2*n**2 + 153*n. Give t(w).
-5
Let v be (-40 + (1 - 3))/(-2). Suppose 5*o - 35 + 2 = m, -v = -3*o + m. Let a(l) = 3*l - o + 1 + 2. Determine a(-3).
-12
Let t(d) = -d**3 + d**2 - 1. Let r(h) = -h**2 + 31*h + 178. Let b be r(-5). Give t(b).
11
Let o(z) = -z**3. Let w(v) = 4*v**3 - 3*v**2 - 2*v - 1. Let n(i) = -3*o(i) - w(i). Give n(4).
-7
Suppose 0 = t + t - 6*t. Let g(k) = k + 22. Determine g(t).
22
Let v(d) = -d. Let k(l) = -8*l - 1. Let g = -2 - -5. Let f(c) = g*v(c) - k(c). Let r(n) = -n**3 - 4*n**2 + 7. Let q be r(-3). Give f(q).
-9
Let j = -2384 - -2389. Let k(g) = g**3 - g**2 - 3*g - 6. Suppose 0*y = -y - 2. Let x(n) = -n**3 + 2*n**2 + 4*n + 6. Let l(f) = y*k(f) - 3*x(f). Determine l(j).
-11
Let s(q) be the first derivative of -q**4/24 + q**3/6 - 9*q**2/2 - 10. Let w(k) be the second derivative of s(k). Let v = 5 + -1. What is w(v)?
-3
Let b = -47 - -86. Let v = -38 + b. Let m(f) be the second derivative of -f**3/2 + f. What is m(v)?
-3
Let y(l) = -2*l - 12. Let k(s) = 7*s - 31. Let w be k(3). What is y(w)?
8
Let a(i) be the first derivative of -i**2/2 + 4*i - 1. Suppose y = 16 - 14. Suppose 8*d - y*b = 4*d - 10, b = -4*d - 25. Give a(d).
9
Let j(s) be the third derivative of s**7/840 + s**6/90 + s**4/12 - 11*s**3/6 - 21*s**2. Let z(m) be the first derivative of j(m). Determine z(-4).
2
Let t(u) = u + 23. Let m(a) = 3*a**3 - 53*a**2 + 32*a + 19. Let y be m(17). Calculate t(y).
8
Let n = 669 - 667. Let m(t) be the third derivative of 0*t - 1/12*t**5 + 1/24*t**4 + 1/2*t**3 - 6*t**n + 0 - 1/120*t**6. Give m(-5).
-2
Let y(k) be the third derivative of k**5/60 - k**4/3 + 5*k**3/3 + 2*k**2. Let g be y(7). Let b be 2*g/(-12)*-4. Let r(j) = 3*j. Calculate r(b).
6
Let a be -10*(2 + 1 + -4). Suppose a + 0 = -2*v. Let b(s) = -3*s - 350666 + 350666. Calculate b(v).
15
Suppose q = 4*i + 7, -3*q + 0 - 13 = 5*i. Let t(d) be the third derivative of -3*d**2 - 1/8*d**4 + 0 + 0*d - 1/3*d**3 + 1/30*d**5. Determine t(i).
12
Let r(m) = -4992*m - 4988*m - 2*m**2 - 2 + 9976*m. Determine r(-3).
-8
Let z(g) = -2*g + 4. Let c(p) = p - 2. Let q(o) = -5*c(o) - 2*z(o). Suppose 0 = -d - 4*s - 6, 3*d + 3*s + 5 = -4. Give q(d).
4
Let s(y) = 20*y**2 + 4*y + 9. Let v(u) = -7*u**2. Let h(z) = s(z) + 3*v(z). Calculate h(4).
9
Suppose 0 = -3*b + 4*n - 17, -3*b - 2*b - 4*n = -25. Let t(j) = 5*j**3 + 2*j**2 - 1. What is t(b)?
6
Let y(h) be the second derivative of -h**4/6 - h**3/3 + 626*h. Calculate y(-5).
-40
Let d(c) = -c**3 - c**2 + 4*c - 3. Let k be (-7 - (5 - 13)) + 4 + -3. Calculate d(k).
-7
Let x(z) be the second derivative of z**3/2 + 65*z**2/2 + 98*z + 1. Give x(-23).
-4
Let r = -72 + 72. Let s be r/(1 + 1 - 0). Let g(w) = w - 1. Determine g(s).
-1
Let o(u) = 2*u**2 + 34*u + 27. Let a(i) = 4*i + 12. Let l be a(-7). What is o(l)?
-5
Suppose 2*j - 4*c = -7*c + 18, 5*c - 14 = -2*j. Suppose 0 = -12*g - 0*g + j. Let t(q) = q**3 - 2*q**2 + q. Give t(g).
0
Suppose 5*z + 4*g = 33, 8*g - 25 = -3*z + 3*g. Suppose w = z*w. Let k(o) = -o**2 + 3. Give k(w).
3
Let r(h) be the second derivative of -h**4/12 + 3*h**3/2 - h**2/2 - h - 260. What is r(5)?
19
Let r(h) be the second derivative of -h**5/20 + 2*h**4/3 + 3*h**3/2 - 5*h**2/2 - 46*h. Determine r(9).
-5
Let t(n) = -n**3 + 15*n**2 + 15*n + 19. Let w be (-4)/(-3) - 748/(-51). Calculate t(w).
3
Let h(k) be the third derivative of -k**4/24 + 7*k**3/6 + 24*k**2 - 9*k. Let a be 26/4 + 2/(-4). Give h(a).
1
Let j(i) = -i + 17. Let v be j(15). Suppose 4*q + 2*c = -26, -2*q + c = 9 - v. Let x(f) = f**3 + 5*f**2 + 2. Calculate x(q).
2
Let j(o) = o**2 - 4*o - 8. Let t be j(4). Let y(u) = 2*u + 4. Let z(c) = -c - 2. Let b(f) = 3*y(f) + 5*z(f). Determine b(t).
-6
Let m = -159 - -166. Let f(u) = u**3 - 8*u**2 + 8*u - 7. What is f(m)?
0
Let i(j) = 4*j**2 + 2*j - 13. Let g(n) = -2*n**2 - n + 5. Let l(u) = 10*g(u) + 4*i(u). Determine l(-3).
-32
Suppose i = -w + 10 + 30, 5*w - 199 = -4*i. Suppose 40*y + 4 = w*y. Let g(p) = -2*p**2 - 6*p. Calculate g(y).
-8
Let u(j) = 2*j + 45. Let f be u(-14). Suppose -9 = f*i - 111. Let z(s) = -s + 8. Give z(i).
2
Let h(t) = -4. Let a(q) = -5. Let o(i) = 5*a(i) - 6*h(i). Let w(p) = 2*p - 6. Let z(x) = -5*o(x) + w(x). Determine z(-5).
-11
Let h(c) = -c - 1. Let q(o) = -o - 1. Let w(m) = -5*h(m) + 2*q(m). Let l = 4696 + -4693. Calculate w(l).
12
Suppose 0 = 3*i + 3*w - 12, -2*i + 3*w - 1 = 1. Let x(p) = -5*p - 3. Let a be x(-1). Let d(s) = -2 + a*s - i*s + s. Determine d(5).
3
Let z(c) = 0 + 957*c**2 + 3 - 956*c**2 + 4*c. What is z(-4)?
3
Let z(i) be the second derivative of -4*i - 1/2*i**3 + 0 - 7/2*i**2. What is z(-5)?
8
Suppose 6 = -460*w + 466*w. Suppose 4 = 2*p + m, -m = 5*p - 1 - 3. Let g(k) = p - 2*k - w - 2 + 0*k. Determine g(-5).
7
Let o(b) = -11*b**2 - 5*b + 51 - 14 + b**3 - 3*b 